{"id":507,"date":"2019-09-18T01:37:30","date_gmt":"2019-09-18T01:37:30","guid":{"rendered":"http:\/\/networkinfo.com.br\/?page_id=507"},"modified":"2022-01-30T00:50:20","modified_gmt":"2022-01-30T00:50:20","slug":"quem-somos-2","status":"publish","type":"page","link":"https:\/\/networkinfo.com.br\/index.php\/quem-somos-2\/","title":{"rendered":"Quem Somos"},"content":{"rendered":"<p>[et_pb_section fb_built=&#8221;1&#8243; admin_label=&#8221;section&#8221; _builder_version=&#8221;3.0.47&#8243; custom_padding=&#8221;20px|0px|54px|0px|false|false&#8221;][et_pb_row admin_label=&#8221;row&#8221; _builder_version=&#8221;3.0.47&#8243; background_size=&#8221;initial&#8221; background_position=&#8221;top_left&#8221; background_repeat=&#8221;repeat&#8221; custom_padding=&#8221;4px|0px|27px|0px|false|false&#8221;][et_pb_column type=&#8221;4_4&#8243; _builder_version=&#8221;3.0.47&#8243; parallax=&#8221;off&#8221; parallax_method=&#8221;on&#8221;][et_pb_text _builder_version=&#8221;3.5.1&#8243;]<\/p>\n<h1 style=\"text-align: center;\"><strong><span style=\"color: #000080;\">Quem Somos<\/span><\/strong><\/h1>\n<p>[\/et_pb_text][et_pb_text admin_label=&#8221;Text&#8221; _builder_version=&#8221;3.5.1&#8243; background_size=&#8221;initial&#8221; background_position=&#8221;top_left&#8221; background_repeat=&#8221;repeat&#8221;]<\/p>\n<p style=\"text-align: justify;\">A Network Inform\u00e1tica iniciou suas atividades em dezembro de 2006. E vem consolidando-se como uma das principais empresas na Regi\u00e3o com presta\u00e7\u00e3o de servi\u00e7os para empresas. O foco da empresa \u00e9 o atendimento com excel\u00eancia, procurando suprir todas as necessidades do cliente na \u00e1rea de TI, oferecendo tamb\u00e9m computadores, notebooks, smartphones, tablets, TVs, pe\u00e7as, produtos para integra\u00e7\u00e3o, suprimentos, perif\u00e9ricos, acess\u00f3rios.<\/p>\n<p>[\/et_pb_text][\/et_pb_column][\/et_pb_row][et_pb_row _builder_version=&#8221;3.5.1&#8243;][et_pb_column type=&#8221;1_3&#8243; _builder_version=&#8221;3.5.1&#8243; parallax=&#8221;off&#8221; parallax_method=&#8221;on&#8221;][et_pb_image src=&#8221;https:\/\/networkinfo.com.br\/wp-content\/uploads\/2018\/12\/mission-2.jpg&#8221; _builder_version=&#8221;3.5.1&#8243;][\/et_pb_image][et_pb_text _builder_version=&#8221;3.5.1&#8243;]<\/p>\n<p style=\"text-align: justify;\">Prestar servi\u00e7os na \u00e1rea TI, atendendo as necessidades dos clientes, mantendo-se constantemente atualizada com o mercado e garantindo a lucratividade do neg\u00f3cio.<\/p>\n<p>[\/et_pb_text][\/et_pb_column][et_pb_column type=&#8221;1_3&#8243; _builder_version=&#8221;3.5.1&#8243; parallax=&#8221;off&#8221; parallax_method=&#8221;on&#8221;][et_pb_image src=&#8221;https:\/\/networkinfo.com.br\/wp-content\/uploads\/2018\/12\/indi.png&#8221; _builder_version=&#8221;3.5.1&#8243;][\/et_pb_image][et_pb_text _builder_version=&#8221;3.5.1&#8243;]<\/p>\n<p style=\"text-align: justify;\">Ser uma empresa com atua\u00e7\u00e3o reconhecida por nossos clientes pela qualidade nos servi\u00e7os prestados.<\/p>\n<p>[\/et_pb_text][\/et_pb_column][et_pb_column type=&#8221;1_3&#8243; _builder_version=&#8221;3.5.1&#8243; parallax=&#8221;off&#8221; parallax_method=&#8221;on&#8221;][et_pb_image src=&#8221;https:\/\/networkinfo.com.br\/wp-content\/uploads\/2018\/12\/valores.jpg&#8221; _builder_version=&#8221;3.5.1&#8243;][\/et_pb_image][et_pb_text _builder_version=&#8221;3.5.1&#8243;]<\/p>\n<p>\u00c9tica nas rela\u00e7\u00f5es profissionais;<br \/>Honrar compromissos assumidos;<br \/>Idoneidade Responsabilidade Social e Ambiental;<br \/>Confian\u00e7a e Credibilidade.<\/p>\n<p>[\/et_pb_text][\/et_pb_column][\/et_pb_row][et_pb_row _builder_version=&#8221;3.5.1&#8243;][et_pb_column type=&#8221;4_4&#8243; _builder_version=&#8221;3.5.1&#8243; parallax=&#8221;off&#8221; parallax_method=&#8221;on&#8221;][et_pb_text _builder_version=&#8221;3.5.1&#8243;]<\/p>\n<div class=\"et_pb_module et_pb_text et_pb_text_0 et_pb_bg_layout_light  et_pb_text_align_left\">\n<div class=\"et_pb_text_inner\" style=\"text-align: center;\"><span style=\"font-size: x-large;\"><strong><span style=\"color: #000080;\">DIFERENCIAIS<\/span><\/strong><\/span><\/div>\n<\/div>\n<p>[\/et_pb_text][\/et_pb_column][\/et_pb_row][et_pb_row _builder_version=&#8221;3.5.1&#8243;][et_pb_column type=&#8221;1_3&#8243; _builder_version=&#8221;3.5.1&#8243; parallax=&#8221;off&#8221; parallax_method=&#8221;on&#8221;][et_pb_image align=&#8221;center&#8221; src=&#8221;https:\/\/networkinfo.com.br\/wp-content\/uploads\/2018\/12\/wifi.jpg&#8221; _builder_version=&#8221;3.5.1&#8243;][\/et_pb_image][et_pb_text _builder_version=&#8221;3.5.1&#8243;]<\/p>\n<p style=\"text-align: left;\"><span style=\"color: #000080;\"><strong>Internet Fibra \u00d3ptica<\/strong><\/span><\/p>\n<p style=\"text-align: justify;\"><span style=\"color: #000000;\">Fornecemos internet de \u00f3tima qualidade a pre\u00e7os acess\u00edveis.<\/span><\/p>\n<p>[\/et_pb_text][\/et_pb_column][et_pb_column type=&#8221;1_3&#8243; _builder_version=&#8221;3.5.1&#8243; parallax=&#8221;off&#8221; parallax_method=&#8221;on&#8221;][et_pb_image align=&#8221;center&#8221; src=&#8221;https:\/\/networkinfo.com.br\/wp-content\/uploads\/2018\/12\/assist.jpg&#8221; _builder_version=&#8221;3.5.1&#8243;][\/et_pb_image][et_pb_text _builder_version=&#8221;3.5.1&#8243;]<\/p>\n<p style=\"text-align: center;\"><span style=\"color: #000080;\"><strong>Assist\u00eancia T\u00e9cnica<\/strong><\/span><\/p>\n<p style=\"text-align: justify;\">Nossa equipe \u00e9 dotada de profissionais qualificados para prestarem um excelente atendimento e assist\u00eancia t\u00e9cnica de qualidade.<\/p>\n<p>[\/et_pb_text][\/et_pb_column][et_pb_column type=&#8221;1_3&#8243; _builder_version=&#8221;3.5.1&#8243; parallax=&#8221;off&#8221; parallax_method=&#8221;on&#8221;][et_pb_image align=&#8221;center&#8221; src=&#8221;https:\/\/networkinfo.com.br\/wp-content\/uploads\/2018\/12\/carro.jpg&#8221; _builder_version=&#8221;3.5.1&#8243;][\/et_pb_image][et_pb_text _builder_version=&#8221;3.5.1&#8243;]<\/p>\n<p style=\"text-align: center;\"><span style=\"color: #000080;\"><strong>Atendimento In-Loco<\/strong><\/span><\/p>\n<p style=\"text-align: center;\">Precisou? N\u00f3s iremos at\u00e9 voc\u00ea!<\/p>\n<p>[\/et_pb_text][\/et_pb_column][\/et_pb_row][\/et_pb_section]<\/p>\n","protected":false},"excerpt":{"rendered":"<p>[et_pb_section fb_built=&#8221;1&#8243; admin_label=&#8221;section&#8221; _builder_version=&#8221;3.0.47&#8243; custom_padding=&#8221;20px|0px|54px|0px|false|false&#8221;][et_pb_row admin_label=&#8221;row&#8221; _builder_version=&#8221;3.0.47&#8243; background_size=&#8221;initial&#8221; background_position=&#8221;top_left&#8221; background_repeat=&#8221;repeat&#8221; custom_padding=&#8221;4px|0px|27px|0px|false|false&#8221;][et_pb_column type=&#8221;4_4&#8243; _builder_version=&#8221;3.0.47&#8243; parallax=&#8221;off&#8221; parallax_method=&#8221;on&#8221;][et_pb_text _builder_version=&#8221;3.5.1&#8243;] Quem Somos [\/et_pb_text][et_pb_text admin_label=&#8221;Text&#8221; _builder_version=&#8221;3.5.1&#8243; background_size=&#8221;initial&#8221; background_position=&#8221;top_left&#8221; background_repeat=&#8221;repeat&#8221;] A Network Inform\u00e1tica iniciou suas atividades em dezembro de 2006. E vem consolidando-se como uma das principais empresas na Regi\u00e3o com presta\u00e7\u00e3o de servi\u00e7os para empresas. O foco da empresa \u00e9 [&hellip;]<\/p>\n","protected":false},"author":2,"featured_media":0,"parent":0,"menu_order":0,"comment_status":"closed","ping_status":"closed","template":"","meta":{"footnotes":""},"class_list":["post-507","page","type-page","status-publish","hentry"],"_links":{"self":[{"href":"https:\/\/networkinfo.com.br\/index.php\/wp-json\/wp\/v2\/pages\/507","targetHints":{"allow":["GET"]}}],"collection":[{"href":"https:\/\/networkinfo.com.br\/index.php\/wp-json\/wp\/v2\/pages"}],"about":[{"href":"https:\/\/networkinfo.com.br\/index.php\/wp-json\/wp\/v2\/types\/page"}],"author":[{"embeddable":true,"href":"https:\/\/networkinfo.com.br\/index.php\/wp-json\/wp\/v2\/users\/2"}],"replies":[{"embeddable":true,"href":"https:\/\/networkinfo.com.br\/index.php\/wp-json\/wp\/v2\/comments?post=507"}],"version-history":[{"count":5,"href":"https:\/\/networkinfo.com.br\/index.php\/wp-json\/wp\/v2\/pages\/507\/revisions"}],"predecessor-version":[{"id":518,"href":"https:\/\/networkinfo.com.br\/index.php\/wp-json\/wp\/v2\/pages\/507\/revisions\/518"}],"wp:attachment":[{"href":"https:\/\/networkinfo.com.br\/index.php\/wp-json\/wp\/v2\/media?parent=507"}],"curies":[{"name":"wp","href":"https:\/\/api.w.org\/{rel}","templated":true}]}}