{"id":17,"date":"2018-12-12T01:35:17","date_gmt":"2018-12-12T01:35:17","guid":{"rendered":"http:\/\/networkinfo.com.br\/?page_id=17"},"modified":"2022-01-30T00:50:20","modified_gmt":"2022-01-30T00:50:20","slug":"locacao","status":"publish","type":"page","link":"https:\/\/networkinfo.com.br\/index.php\/locacao\/","title":{"rendered":"Loca\u00e7\u00e3o de Impressoras"},"content":{"rendered":"<p>[et_pb_section fb_built=&#8221;1&#8243; _builder_version=&#8221;3.5.1&#8243; custom_padding=&#8221;0|0px|0|0px|false|false&#8221;][et_pb_row custom_padding=&#8221;11px|0px|25.7333px|0px|false|false&#8221; _builder_version=&#8221;3.5.1&#8243;][et_pb_column type=&#8221;4_4&#8243; _builder_version=&#8221;3.5.1&#8243; parallax=&#8221;off&#8221; parallax_method=&#8221;on&#8221;][et_pb_cta title=&#8221;Loca\u00e7\u00e3o de Impressoras&#8221; _builder_version=&#8221;3.5.1&#8243; header_font=&#8221;||||||||&#8221; header_text_color=&#8221;rgba(27,13,122,0.87)&#8221; header_font_size=&#8221;26px&#8221; header_line_height=&#8221;1.6em&#8221; header_text_shadow_style=&#8221;preset4&#8243; header_text_shadow_color=&#8221;rgba(0,0,0,0)&#8221; body_font=&#8221;||||||||&#8221; body_text_color=&#8221;#0a007a&#8221; background_color=&#8221;rgba(0,14,211,0.08)&#8221;]<\/p>\n<p style=\"text-align: justify;\"><span style=\"color: #000000;\">A Network oferece solu\u00e7\u00f5es completas em loca\u00e7\u00e3o de impressoras, pre\u00e7os competitivos e qualidade excepcional neste mercado. Nossos consultores ir\u00e3o \u00e0 sua empresa e far\u00e3o um estudo gratuito do Cen\u00e1rio atual, levantando informa\u00e7\u00f5es como custos com impress\u00e3o, m\u00e3o-de-obra, papel e suprimentos, e a tecnologia de impress\u00e3o utilizada. Com essas informa\u00e7\u00f5es, nossos especialistas planejar\u00e3o uma solu\u00e7\u00e3o adequada a realidade da sua empresa, sempre procurando redu\u00e7\u00e3o de custos.<\/span><\/p>\n<p>[\/et_pb_cta][\/et_pb_column][\/et_pb_row][et_pb_row _builder_version=&#8221;3.5.1&#8243;][et_pb_column type=&#8221;4_4&#8243; _builder_version=&#8221;3.5.1&#8243; parallax=&#8221;off&#8221; parallax_method=&#8221;on&#8221;][et_pb_divider _builder_version=&#8221;3.5.1&#8243;][\/et_pb_divider][\/et_pb_column][\/et_pb_row][et_pb_row _builder_version=&#8221;3.5.1&#8243;][et_pb_column type=&#8221;1_2&#8243; _builder_version=&#8221;3.5.1&#8243; parallax=&#8221;off&#8221; parallax_method=&#8221;on&#8221;][et_pb_image src=&#8221;https:\/\/networkinfo.com.br\/wp-content\/uploads\/2018\/12\/impressora.jpg&#8221; _builder_version=&#8221;3.5.1&#8243;][\/et_pb_image][\/et_pb_column][et_pb_column type=&#8221;1_2&#8243; _builder_version=&#8221;3.5.1&#8243; parallax=&#8221;off&#8221; parallax_method=&#8221;on&#8221;][et_pb_text _builder_version=&#8221;3.5.1&#8243;]<\/p>\n<ul>\n<li>Vantagens da loca\u00e7\u00e3o de impressoras;<\/li>\n<li>Redu\u00e7\u00e3o e controle dos Custos;<\/li>\n<li>Aumento na produtividade dos recursos humanos;<\/li>\n<li>Concentra\u00e7\u00e3o na atividade principal da empresa;<\/li>\n<li>Atualiza\u00e7\u00e3o tecnol\u00f3gica constante na presta\u00e7\u00e3o de servi\u00e7o;<\/li>\n<li>Fornecimento de insumos e gerenciamento de estoques;<\/li>\n<li>Suporte t\u00e9cnico r\u00e1pido e eficiente;<\/li>\n<li>M\u00e3o-de-obra especializada, suporte e manuten\u00e7\u00e3o padronizados;<\/li>\n<li>Permite definir uma despesa fixa com impress\u00e3o;<\/li>\n<li>Elimina\u00e7\u00e3o do estoque e compra de consum\u00edveis.<\/li>\n<\/ul>\n<p>[\/et_pb_text][\/et_pb_column][\/et_pb_row][\/et_pb_section][et_pb_section fb_built=&#8221;1&#8243; _builder_version=&#8221;3.5.1&#8243; custom_padding=&#8221;0|0px|51.4667px|0px|false|false&#8221;][et_pb_row custom_padding=&#8221;0|0px|0|0px|false|false&#8221; _builder_version=&#8221;3.5.1&#8243;][et_pb_column type=&#8221;4_4&#8243; _builder_version=&#8221;3.5.1&#8243; parallax=&#8221;off&#8221; parallax_method=&#8221;on&#8221;][et_pb_divider _builder_version=&#8221;3.5.1&#8243;][\/et_pb_divider][\/et_pb_column][\/et_pb_row][et_pb_row _builder_version=&#8221;3.5.1&#8243;][et_pb_column type=&#8221;4_4&#8243; _builder_version=&#8221;3.5.1&#8243; parallax=&#8221;off&#8221; parallax_method=&#8221;on&#8221;][et_pb_text _builder_version=&#8221;3.5.1&#8243;]<\/p>\n<p>Nossa empresa se preocupa com o meio ambiente e a sustentabilidade do neg\u00f3cio seguindo os mais altos padr\u00f5es de processos de trabalho visando o menor impacto poss\u00edvel. A Network opera com restritas medidas de preserva\u00e7\u00e3o do meio ambiente.<\/p>\n<p>[\/et_pb_text][et_pb_image src=&#8221;https:\/\/networkinfo.com.br\/wp-content\/uploads\/2018\/12\/vig1.jpg&#8221; align=&#8221;center&#8221; _builder_version=&#8221;3.5.1&#8243; max_width=&#8221;62%&#8221;][\/et_pb_image][\/et_pb_column][\/et_pb_row][\/et_pb_section]<\/p>\n","protected":false},"excerpt":{"rendered":"<p>[et_pb_section fb_built=&#8221;1&#8243; _builder_version=&#8221;3.5.1&#8243; custom_padding=&#8221;0|0px|0|0px|false|false&#8221;][et_pb_row custom_padding=&#8221;11px|0px|25.7333px|0px|false|false&#8221; _builder_version=&#8221;3.5.1&#8243;][et_pb_column type=&#8221;4_4&#8243; _builder_version=&#8221;3.5.1&#8243; parallax=&#8221;off&#8221; parallax_method=&#8221;on&#8221;][et_pb_cta title=&#8221;Loca\u00e7\u00e3o de Impressoras&#8221; _builder_version=&#8221;3.5.1&#8243; header_font=&#8221;||||||||&#8221; header_text_color=&#8221;rgba(27,13,122,0.87)&#8221; header_font_size=&#8221;26px&#8221; header_line_height=&#8221;1.6em&#8221; header_text_shadow_style=&#8221;preset4&#8243; header_text_shadow_color=&#8221;rgba(0,0,0,0)&#8221; body_font=&#8221;||||||||&#8221; body_text_color=&#8221;#0a007a&#8221; background_color=&#8221;rgba(0,14,211,0.08)&#8221;] A Network oferece solu\u00e7\u00f5es completas em loca\u00e7\u00e3o de impressoras, pre\u00e7os competitivos e qualidade excepcional neste mercado. Nossos consultores ir\u00e3o \u00e0 sua empresa e far\u00e3o um estudo gratuito do Cen\u00e1rio atual, levantando informa\u00e7\u00f5es [&hellip;]<\/p>\n","protected":false},"author":1,"featured_media":145,"parent":0,"menu_order":0,"comment_status":"closed","ping_status":"closed","template":"","meta":{"footnotes":""},"class_list":["post-17","page","type-page","status-publish","has-post-thumbnail","hentry"],"_links":{"self":[{"href":"https:\/\/networkinfo.com.br\/index.php\/wp-json\/wp\/v2\/pages\/17","targetHints":{"allow":["GET"]}}],"collection":[{"href":"https:\/\/networkinfo.com.br\/index.php\/wp-json\/wp\/v2\/pages"}],"about":[{"href":"https:\/\/networkinfo.com.br\/index.php\/wp-json\/wp\/v2\/types\/page"}],"author":[{"embeddable":true,"href":"https:\/\/networkinfo.com.br\/index.php\/wp-json\/wp\/v2\/users\/1"}],"replies":[{"embeddable":true,"href":"https:\/\/networkinfo.com.br\/index.php\/wp-json\/wp\/v2\/comments?post=17"}],"version-history":[{"count":10,"href":"https:\/\/networkinfo.com.br\/index.php\/wp-json\/wp\/v2\/pages\/17\/revisions"}],"predecessor-version":[{"id":403,"href":"https:\/\/networkinfo.com.br\/index.php\/wp-json\/wp\/v2\/pages\/17\/revisions\/403"}],"wp:featuredmedia":[{"embeddable":true,"href":"https:\/\/networkinfo.com.br\/index.php\/wp-json\/wp\/v2\/media\/145"}],"wp:attachment":[{"href":"https:\/\/networkinfo.com.br\/index.php\/wp-json\/wp\/v2\/media?parent=17"}],"curies":[{"name":"wp","href":"https:\/\/api.w.org\/{rel}","templated":true}]}}